 w be ((-2)/4)/(2/(-44)). Let j be (-16)/6*(-18)/(-8). Let v be (-3)/j + (-42)/(-4). Calculate the highest common divisor of v and w.
11
Suppose 4*c + 39 = -j, -6*j - 49 = -3*j - 5*c. Let d = j - -83. Calculate the highest common divisor of 12 and d.
12
Suppose -b - 70 = -6*b. Suppose -70 = -m - 28. Calculate the highest common factor of b and m.
14
Let d(v) = -v**3 + 7*v**2 + 5*v - 28. Let p be d(6). Calculate the highest common factor of p and 57.
19
Let f(d) = 64*d - 1. Let z be f(7). Suppose -2*j - 177 = -z. What is the highest common divisor of j and 54?
27
Suppose 1 - 7 = -3*c. Suppose -5*k = 2*m - m + 2, -m = k - c. Calculate the greatest common factor of m and 24.
3
Let r be (-1)/4 - (-58)/8. Let p(x) = -20*x**2 - x. Let i be p(1). Let m = 49 + i. What is the highest common factor of r and m?
7
Suppose -5*y + 1100 = 2*s, -3*s = 5*y - 1177 + 77. Calculate the highest common factor of 20 and y.
20
Let d(c) = c**3 + 4*c**2 - 6*c - 3. Let r be d(-5). Let p be 204/4 + -1 + r. What is the greatest common factor of 13 and p?
13
Let q(n) = -n**3 - 6*n**2 + 5*n + 2. Let j be q(-6). Let u = 2 - j. What is the highest common factor of 6 and u?
6
Suppose -2*n + 7*n - 15 = 0. Suppose 5*a + 5*t - 950 = 0, 4*t = -0*a - n*a + 573. Calculate the greatest common factor of a and 17.
17
Let g be 40/24*(2 + -5). Let l be 7/2*(1 + -3). Let d = g - l. What is the highest common divisor of d and 2?
2
Suppose -134 = -3*t - 2*m, -3*t - 2*t = -m - 206. Calculate the greatest common divisor of t and 14.
14
Let p = 47 + -35. What is the highest common divisor of p and 3?
3
Let v(l) = 4*l**2 - l. Let i be v(-3). What is the greatest common divisor of i and 195?
39
Let a(x) be the third derivative of x**6/120 + x**5/15 - x**4/8 + x**3/2 + 4*x**2. Let w be a(4). Calculate the greatest common divisor of w and 17.
17
Suppose -9 + 1 = -4*l. Suppose 0 = -l*i + 37 + 15. What is the highest common divisor of 65 and i?
13
Let s be (11/(-5))/((-11)/55). What is the greatest common divisor of s and 11?
11
Let m(t) = 2*t**2 + 2*t. Let o be m(4). Let n(h) = 4*h. Let j be n(1). Suppose 14 = j*k - 18. What is the greatest common divisor of k and o?
8
Let p(m) = -m**3 - 6*m**2 - 5*m + 4. Let a be p(-5). Suppose a*c = 6 + 18. What is the greatest common divisor of 42 and c?
6
Let z(x) = x + 1. Let p(c) = -c**2 + 3*c - 1. Let q be p(2). Let w be (1 + (-12)/(-3))*q. Let h be z(w). What is the greatest common divisor of 12 and h?
6
Suppose 0*n = -n. Let q be 0 + n - (-9 - 3). Calculate the greatest common divisor of 18 and q.
6
Suppose 0 = -14*i + 191 + 481. Calculate the highest common factor of 32 and i.
16
Suppose 0 = -2*i + 20 + 20. Suppose -u - 22 = -5*t, 0 = -t - u + 2. Calculate the greatest common divisor of i and t.
4
Let y be (3 - -16)/((-2)/(5 - 27)). Suppose -5*v + 52 = -43. Calculate the highest common factor of v and y.
19
Suppose 2*w - 6 = -w. Suppose 46 = w*z - 64. Calculate the greatest common divisor of z and 22.
11
Suppose -26 = -2*a + 10. Calculate the highest common divisor of a and 18.
18
Suppose 5*x - 40 = -5*o, 5*o - 52 = 2*x - x. Calculate the greatest common factor of o and 90.
10
Let w = -50 - -79. Let n = 800 + -481. Calculate the highest common factor of n and w.
29
Suppose 2*m - 67 = -5*o, 4*m - 2 = 2. Suppose -4*h = 3*x - 6*x - 208, -2*x - 208 = -4*h. Calculate the greatest common factor of o and h.
13
Let b be (80/12 + 4)*6/4. What is the highest common divisor of 2 and b?
2
Suppose 4*s = 13 + 3. Let x(o) = -13*o + 4. Let t be x(-3). Let g = -23 + t. What is the greatest common factor of g and s?
4
Suppose -i - 2*k = -161, -2*k + 805 = 5*i + 2*k. Suppose 24 + 22 = 2*t. Calculate the greatest common divisor of i and t.
23
Let h = -9 - -9. Suppose -5*i - 17 + 42 = h. What is the highest common factor of i and 40?
5
Let r be 2 - (1 + 1) - -30. Let q be (-1246)/(-63) + (-4)/(-18). What is the highest common divisor of r and q?
10
Let i(w) = -w**3 - 2*w**2 - 7*w. Let y be i(-5). Let o = 70 + y. What is the highest common divisor of o and 20?
20
Let c = -78 + 112. Calculate the highest common divisor of c and 17.
17
Suppose 3*d = 15 + 3. Let y(x) = -x**2 + 7*x + 7. Let q be y(d). What is the highest common factor of q and 52?
13
Let s(u) = -u + 9. Let j be s(-15). Let a = j - 22. Calculate the highest common factor of a and 6.
2
Suppose 4*v - 35 = 5*r, 5*v + 3*r - 47 = 6*r. What is the highest common divisor of v and 15?
5
Suppose -9 = -4*v + 39. What is the highest common divisor of 9 and v?
3
Suppose 9 = k + 1. Let g = 18 - k. Calculate the highest common divisor of g and 20.
10
Let g = 168 - 105. Suppose -v = -2*v + 1, -x - 3*v = -45. What is the greatest common divisor of x and g?
21
Let t(a) = -a + 2. Let l be t(2). Suppose l = -4*n + y - 2 + 51, n = -2*y + 10. Calculate the greatest common divisor of 96 and n.
12
Let n = 6 - -84. Calculate the greatest common divisor of 36 and n.
18
Let w(c) = 3*c**2 + c - 2. Suppose -8*i - 10 = -13*i. Let d be w(i). Calculate the highest common divisor of 36 and d.
12
Let m = 6 + -2. Suppose 975 = 5*a + 2*z - 7*z, 5*a = m*z + 980. Suppose -h - 3*h = -a. Calculate the greatest common factor of 20 and h.
10
Let u(w) = -1. Let l(x) = x - 1. Let y(n) = -l(n) - u(n). Let m be y(-2). Calculate the highest common divisor of 4 and m.
4
Let g = 5 - 7. Let y be g/1 + 2 + 6. Calculate the greatest common factor of y and 9.
3
Let z(f) = -3*f**3 - 3. Let h be z(-3). Suppose -4*i + 14 = -h. Calculate the greatest common divisor of 69 and i.
23
Let g = -6 + 9. Suppose g*d + 314 = 5*r, -2*r + 138 = 2*d + 3*d. Suppose -11*n - 9 + 97 = 0. Calculate the highest common divisor of n and r.
8
Let p(w) be the first derivative of w**3/3 - 2*w**2 - 6*w - 2. Let s be p(5). Let i be -3 + 3 + (-15)/s. Calculate the greatest common factor of 120 and i.
15
Let m(f) = 2*f**3 + 17*f**2 + 11*f - 10. Let r be m(-7). Calculate the greatest common divisor of r and 8.
4
Let h(v) = -3*v**3 - 2*v - 1. Let x be h(-1). Let r(a) = a**2 - 2*a + 6. Let j be r(x). Calculate the highest common factor of j and 35.
7
Suppose 2*g = 14 + 28. Calculate the highest common factor of 7 and g.
7
Let f = 159 + -145. Calculate the highest common divisor of 28 and f.
14
Suppose 4*s - 5 + 1 = 0. What is the greatest common divisor of s and 9?
1
Let r(n) = n**2 + 6*n + 8. Let y be r(-6). Let l = -68 - -76. Calculate the highest common factor of y and l.
8
Let o be (5 + -11)/(1/(-6)). Suppose 2*v - 21 - 1 = 0. Let z = -7 + v. What is the greatest common divisor of o and z?
4
Let p(r) = 2*r**2 + 28*r + 9. Let u be p(-14). Calculate the highest common factor of 72 and u.
9
Let h(l) = -l**3 - 3*l**2 - 1. Let g be h(-4). Let s be (-5)/g + (-133)/(-3). Calculate the greatest common divisor of s and 22.
22
Let l be ((-2)/2 - -35)/2. Let k = 3 + 9. Let r = l - k. What is the greatest common divisor of r and 40?
5
Suppose -j - 13 = -4*g - 4*j, 0 = 5*g - 5*j + 10. Calculate the highest common factor of 11 and g.
1
Suppose -q = 5 - 35. Calculate the greatest common divisor of q and 180.
30
Let i(m) = -m**3 + 9*m**2 - 7*m + 7. Let w = 0 - -5. Let j be i(w). Suppose -2*o = 2*o - j. What is the greatest common factor of o and 2?
2
Let r = 27 + -15. Suppose 2*u + 4 = r, 0 = -5*q + u + 11. Suppose -q*g - 2*g - 3*c = -54, -2*g - 4*c = -16. Calculate the highest common divisor of 30 and g.
6
Suppose -2*j + j = -3. Let f be -1 + (3 - j) + 57. What is the highest common divisor of 8 and f?
8
Let n be (8/(-16))/(2/(-20)). Calculate the highest common divisor of 30 and n.
5
Let y be (483/6)/(-7)*-10. Let h = y + -55. What is the highest common factor of h and 15?
15
Let h(d) = 10*d**2 - 3*d + 5. Let c be h(-5). Calculate the highest common factor of c and 10.
10
Let h = 82 - 28. What is the highest common factor of 18 and h?
18
Let b be (1/(-2))/((-1)/8). Suppose -2*s - 44 + 10 = 5*f, 5*s + 40 = -5*f. Let z(y) = -2*y - 8. Let a be z(f). What is the highest common divisor of a and b?
4
Let v be 64/28 - (-4)/(-14). Suppose -2*h + 2*y - 4 = 0, 2*y + 1 = -v*h + 5. Suppose h - 72 = -2*t. Calculate the highest common factor of 90 and t.
18
Let k be 50/4 - 3/6. Let l(f) = -f**2 - 6*f - 2. Let q be l(-5). Calculate the greatest common factor of q and k.
3
Suppose 0 = 3*r - 435 + 123. What is the highes